te?
True
Is 7015949 prime?
True
Is 882994397 prime?
True
Is 56195609 prime?
False
Is 26558549 a composite number?
True
Is 1631051 a composite number?
False
Is 16898267 prime?
True
Is 6219989 a prime number?
True
Is 39844153 prime?
False
Is 1120739 a composite number?
False
Is 56167 composite?
False
Is 2185198013 prime?
True
Is 22418801 a prime number?
False
Is 611279 prime?
True
Is 11657647 composite?
True
Is 37437379 a composite number?
True
Is 1195021 a composite number?
False
Is 3191179 prime?
True
Is 370475423 a composite number?
False
Is 1273231 a prime number?
True
Is 81541181 prime?
True
Is 2030818 a prime number?
False
Is 3806741 prime?
True
Is 34700753 prime?
False
Is 36631347 a composite number?
True
Is 52769611 composite?
False
Is 23424343 a composite number?
True
Is 1159577 a composite number?
False
Is 2312521 a composite number?
False
Is 29039401 composite?
False
Is 51692131 composite?
True
Is 58713137 prime?
False
Is 166242911 a prime number?
False
Is 430485707 prime?
True
Is 60263681 a prime number?
True
Is 40397437 prime?
True
Is 11774157 prime?
False
Is 14304167 a composite number?
True
Is 567379 prime?
False
Is 2030086 composite?
True
Is 11687563 a composite number?
False
Is 1636201 prime?
False
Is 1131060011 a prime number?
True
Is 20951309 a composite number?
False
Is 1389834859 a composite number?
True
Is 76933 a prime number?
False
Is 2457161 a prime number?
False
Is 151034057 composite?
False
Is 93429907 composite?
False
Is 3104399 a composite number?
True
Is 288741839 a composite number?
True
Is 67062379 composite?
False
Is 2948159 composite?
False
Is 1179307 a composite number?
True
Is 901 prime?
False
Is 3235537 prime?
False
Is 23922257 prime?
True
Is 9732937 prime?
False
Is 26715071 composite?
True
Is 914601641 a composite number?
False
Is 82766111 a composite number?
False
Is 43801319 composite?
False
Is 15421843 prime?
True
Is 387763 a composite number?
False
Is 976551 a composite number?
True
Is 126816674 prime?
False
Is 8493997 a composite number?
False
Is 99017563 a prime number?
True
Is 11492497 composite?
True
Is 85080757 a prime number?
False
Is 25856297 prime?
True
Is 1794487 a composite number?
True
Is 2926103 a composite number?
False
Is 10867697 a composite number?
True
Is 1451659 composite?
True
Is 7502509 a composite number?
True
Is 80947969 prime?
True
Is 26287213 composite?
False
Is 2887189 composite?
True
Is 17987579 a composite number?
False
Is 108903869 a prime number?
True
Is 325265497 a prime number?
True
Is 467587 a composite number?
False
Is 5577217 composite?
False
Is 1580861 composite?
False
Is 7740023 composite?
False
Is 4433369 a composite number?
True
Is 5072447 composite?
True
Is 155251 a prime number?
True
Is 3234919 prime?
True
Is 326319937 composite?
False
Is 25091977 a prime number?
True
Is 35492059 a prime number?
False
Is 23465657 a composite number?
True
Is 49339777 a composite number?
False
Is 6136619 composite?
False
Is 3445781 composite?
True
Is 242616302 composite?
True
Is 626179 prime?
False
Is 33146755 prime?
False
Is 2575751 prime?
False
Is 5510597 prime?
True
Is 3363389 a prime number?
True
Is 49887919 a composite number?
False
Is 7012303 composite?
True
Is 12639651 composite?
True
Is 3319105 a composite number?
True
Is 579650447 a prime number?
False
Is 10359703 a composite number?
False
Is 41093867 composite?
True
Is 914141 composite?
True
Is 45584117 a composite number?
False
Is 6734051 a prime number?
False
Is 541724929 a prime number?
False
Is 6997499 composite?
False
Is 123847787 composite?
True
Is 2934973 a prime number?
True
Is 301451 a prime number?
False
Is 357023 composite?
True
Is 4238807 a composite number?
False
Is 54986917 a composite number?
True
Is 2830123 composite?
False
Is 42406019 prime?
True
Is 1536289 composite?
True
Is 888683 a prime number?
True
Is 1792303 a prime number?
False
Is 21999811 a prime number?
True
Is 14561997 prime?
False
Is 30757 composite?
False
Is 270091693 composite?
False
Is 8286671 a prime number?
True
Is 8943761 prime?
True
Is 120041 a prime number?
True
Is 7744181 a composite number?
True
Is 165653 composite?
False
Is 1635701 prime?
False
Is 16298083 a prime number?
False
Is 13649 composite?
False
Is 18508001 a prime number?
True
Is 31529801 a prime number?
False
Is 43425047 prime?
False
Is 6284323 prime?
False
Is 377599195 a prime number?
False
Is 12703009 a prime number?
False
Is 9355069 composite?
True
Is 7192093 a prime number?
False
Is 3477391 composite?
True
Is 517977037 a prime number?
False
Is 10494509 a prime number?
False
Is 241837 composite?
True
Is 1463149 a prime number?
True
Is 1737599 a composite number?
False
Is 175117367 a composite number?
True
Is 14545549 prime?
False
Is 2860417 a prime number?
False
Is 11501335 a prime number?
False
Is 3710089 a prime number?
True
Is 132311537 a composite number?
False
Is 2349057 prime?
False
Is 705276887 a prime number?
False
Is 202749947 prime?
True
Is 2544121 a prime number?
True
Is 3931159 a prime number?
True
Is 101987251 prime?
True
Is 1427809 a composite number?
False
Is 3046391 a prime number?
True
Is 114929749 a composite number?
True
Is 6609631 composite?
True
Is 7918613 prime?
True
Is 146491355 prime?
False
Is 22009879 a composite number?
True
Is 24963347 prime?
True
Is 13231261 a prime number?
True
Is 146554039 a composite number?
True
Is 11900297 composite?
False
Is 21275887 composite?
False
Is 7698679 prime?
True
Is 295904311 a composite number?
True
Is 133395443 a composite number?
False
Is 11614121 prime?
True
Is 225653327 a prime number?
False
Is 1236600429 a composite number?
True
Is 272585 a composite number?
True
Is 171094709 prime?
False
Is 783523 a composite number?
True
Is 11851357 prime?
False
Is 4515689 composite?
False
Is 4727573 a prime number?
True
Is 2947297 a prime number?
False
Is 3847037 a composite number?
False
Is 1257827 a composite number?
False
Is 70615249 prime?
True
Is 1861555 a composite number?
True
Is 6970529 prime?
False
Is 5455481 a composite number?
False
Is 28792187 composite?
False
Is 1214627 prime?
False
Is 659533 a composite number?
True
Is 198912847 a composite number?
True
Is 1573967 a prime number?
False
Is 2459201 a composite number?
False
Is 165183553 prime?
True
Is 114842711 a composite number?
False
Is 6640289 a composite number?
False
Is 20812069 a composite number?
True
Is 3095557 a prime number?
True
Is 66270779 composite?
False
Is 30187429 composite?
False
Is 6396717 prime?
False
Is 95272511 a composite number?
True
Is 9149549 composite?
True
Is 52780249 composite?
False
Is 92604793 prime?
True
Is 53855051 prime?
True
Is 75928357 a composite number?
False
Is 65720191 prime?
True
Is 14553213 composite?
True
Is 8488118 a composite number?
True
Is 62656163 a prime number?
False
Is 1178417 a composite number?
False
Is 10101682 a prime number?
False
Is 6419843 composite?
False
Is 33845497 composite?
True
Is 1319803 prime?
True
Is 29077779 a composite number?
True
Is 139855061 prime?
True
Is 33002777 composite?
False
Is 9603509 a composite number?
False
Is 1632791 composite?
True
Is 43204807 a composite number?
False
Is 12269843 prime?
False
Is 2513999 composite?
True
Is 6816767 a composite number?
True
Is 4202447 prime?
True
Is 1042759 a prime number?
True
Is 5791897 a prime number?
True
Is 12808501 composite?
False
Is 3890479 a composite number?
True
Is 15389839 a prime number?
True
Is 2075407 prime?
False
Is 10716091 a prime number?
False
Is 45107251 a prime number?
False
Is 14040869 a prime number?
False
Is 12131521 a prime number?
False
Is 31115317 a composite number?
False
Is 324607583 a prime number?
True
Is 8421235 a prime number?
False
Is 103114013 a prime number?
False
Is 1997167 a prime number?
False
Is 9756667 composite?
False
Is 2893523 a composite number?
False
Is 409907 composite?
True
Is 16710665 a composite number?
True
Is 35949673 prime?
True
Is 2299823 a prime number?
True
Is 118786931 composite?
False
Is 670919 a composite number?
False
Is 40827719 a prime number?
True
Is 11189839 prime?
True
Is 4543874 composite?
True
Is 34070243 prime?
True
Is 17977247 prime?
True
Is 5013227 prime?
False
Is 499033 a prime number?
True
Is 244128289 a prime number?
False
Is 19174579 a composite number?
False
Is 643